0592. Calculate the highest common factor of k and 12.
12
Let p be -3 - (-6 - -4)*3. Suppose 3*i + p*v = 8*i - 84, i + 3*v = 6. Calculate the highest common divisor of 12 and i.
3
Suppose k + 0*k = -72. Let a be (k/15)/((-1)/5). Suppose -276 = 253347*r - 253370*r. Calculate the greatest common divisor of a and r.
12
Suppose -4*s + 2*s + m - 10 = 0, 4*s + 3*m + 30 = 0. Let q be s/9 - 22/(-6). Suppose 14*d = q*d + 154. Calculate the highest common divisor of 98 and d.
14
Let s(m) = 2*m**2 - 198*m + 1487. Let c be s(91). What is the greatest common factor of c and 155?
31
Suppose 6*j - 32511 + 99535 = 4*t, 3*t + 5*j - 50249 = 0. Calculate the highest common factor of t and 22.
11
Let j(k) = k**3 + 69*k**2 + 9*k + 627. Let s be j(-69). What is the greatest common divisor of s and 3678?
6
Let y be 6*(-6)/(-36)*7. Let w be ((-4)/(y + -3))/((-1)/21). Calculate the greatest common divisor of 57 and w.
3
Let j = 16557 + -16260. What is the greatest common divisor of j and 1287?
99
Let s be -6 - 4*2/(-24)*0 - -58. What is the greatest common divisor of s and 13364?
52
Let h be 0 - 24 - (-2 + 2). Let p be (3/(-2))/(2/h). Suppose 52*r - 16*r + 1107 = 3699. What is the highest common divisor of r and p?
18
Let r be 2*(-2)/4 + 3. Suppose -4*n + 16 = -r*n. Let u = 6303 + -6231. Calculate the greatest common divisor of n and u.
8
Let p(l) = 781*l + 3914. Let h be p(-5). Let s = -11 - -20. What is the greatest common factor of h and s?
9
Suppose -h + 81*r + 1160 = 77*r, h + r - 1190 = 0. What is the greatest common factor of 111 and h?
37
Suppose -9 = -2*t + 3. Let c(u) = -4*u - 36. Let r be c(-11). What is the greatest common factor of t and r?
2
Let j(v) = 3198*v**2 + 12*v + 12. Let w be j(-1). What is the highest common divisor of 78 and w?
78
Let n(a) = -a**2 + 33*a + 1052. Let y be n(-19). What is the highest common factor of 62 and y?
2
Suppose -a + 501 = 29. Let d be (7/56)/(20/9440). What is the greatest common divisor of a and d?
59
Suppose 0 = -9*s - 9. Let o be (s + (-87)/3)/((-8)/40). Calculate the highest common factor of o and 60.
30
Suppose -4*n - 3 = 3*y, -331*y = -332*y - 5. Suppose -x - 2*i = -11, 0 = -x - 4*i + 15 + 6. Calculate the highest common divisor of x and n.
1
Let a(r) = r**3 - 14*r**2 - 3*r + 2250. Let q be a(0). What is the greatest common factor of 54 and q?
18
Let x(v) = -4*v**2 + 48*v + 1. Let s be x(12). Calculate the highest common divisor of s and 721.
1
Let m = -14932 + 15070. What is the highest common factor of 2691 and m?
69
Let q(p) = 25*p - 38*p + p**2 - 13 - 1. Let x be q(14). Suppose -3*v = 6*z - z - 31, x = 2*z + 4*v - 18. Calculate the highest common factor of 20 and z.
5
Suppose -4*f = -0*f - 120. Suppose -5*v + 7*v = 5*n - 1665, -3*n - v + 1010 = 0. Let d = n - 325. What is the highest common factor of d and f?
10
Suppose 0 = 4*b - 472 - 32. Let p(f) = -2*f**2 - 172*f - 116. Let o be p(-85). What is the highest common factor of b and o?
18
Let t(u) be the first derivative of 17*u**2/2 + 47*u - 54. Let w be t(5). What is the greatest common divisor of w and 12?
12
Suppose t = -2*z + 440, 17*t - 22*t - 488 = -2*z. Calculate the highest common factor of 63 and z.
7
Let g = -3096 - -6278. What is the greatest common factor of g and 74?
74
Suppose w - 101 = 3*m, 0 = -0*m + m. Suppose -164 = -j - w. Calculate the highest common factor of j and 56.
7
Suppose -2 = 2*g - 0*g, 0 = 4*n - 3*g + 381. Let z = 244 + n. Let a = z - 80. What is the highest common divisor of 85 and a?
17
Let w = -332 + 348. Calculate the highest common factor of 64 and w.
16
Let l(v) = -v. Let j(h) = -11*h + 93. Let o(u) = -j(u) - 6*l(u). Let t be o(9). Calculate the highest common factor of t and 40.
20
Let d(z) = -10*z + 0*z**2 + 3 + z**2 + 1. Let x be d(10). Suppose y = -4*j + 20, 4 = -2*j + 9*y - 13*y. Calculate the greatest common divisor of j and x.
2
Suppose -4*r = -3*a - 289, -3*a - 117 - 96 = -3*r. Let u = r + 22. Let j = -42 + u. What is the highest common factor of j and 16?
8
Suppose 1259 - 4283 = -252*a. What is the highest common factor of a and 3138?
6
Let a be 9*(0 + -5)*(-6)/(-15). Let o be 12363/a + 2/(-12). Let m be -4 + o*(-2)/6. What is the highest common divisor of 45 and m?
45
Let q(m) = -41*m + 64. Let t be q(-4). Let s = t - -27. What is the highest common factor of 30 and s?
15
Let g(t) = -25*t**2 + 383*t + 21. Let s be g(15). Calculate the highest common divisor of 3478 and s.
47
Suppose 80*s = -38 + 1558. Let v(m) = m**2 - m + 38. Let q be v(0). What is the greatest common factor of s and q?
19
Suppose 0 = 37*w - 42*w - 3*m + 668, m + 265 = 2*w. Calculate the greatest common factor of 259 and w.
7
Let c be (0/3 - 4) + 154/(-7). Let t be (5 + -4)/(-2)*c. Calculate the highest common divisor of 65 and t.
13
Let d = -15292 + 15355. What is the highest common factor of d and 329?
7
Let g be (-2)/((-4)/(-46)*-1). Let j(q) = 1849*q + 25909. Let t be j(-14). What is the greatest common divisor of t and g?
23
Suppose -2*m + 6*m - 676 = 0. Suppose 510*u - 5995 = 635. Calculate the highest common factor of u and m.
13
Let o = -90 - -108. Let w(t) = -3*t**3 + 2*t**3 + 17*t**2 + 39*t - 46*t - 18. Let q be w(16). What is the highest common factor of o and q?
18
Suppose -y + 2*q = -64, -91*q - 178 = -4*y - 96*q. Calculate the greatest common divisor of 4628 and y.
52
Let h be ((-1285184)/215)/(2/(-5)*1). What is the highest common divisor of 16 and h?
16
Let s = 26358 - 25526. Calculate the greatest common divisor of s and 168.
8
Let a(y) = 6*y - 3. Let d be a(2). Let s be 3 + -2*(-2 - 10/(-4)). Suppose c = 4, -5*b + s*c + c = -348. Calculate the highest common divisor of b and d.
9
Let m(n) be the third derivative of -n**5/60 - 19*n**4/24 - 6*n**3 + 90*n**2. Let j be m(-9). What is the highest common divisor of j and 1458?
54
Let z be -440*(77/1694 + 1946/(-220)). What is the highest common divisor of z and 40?
8
Let a(t) = 20*t + 427. Let x be a(-1). What is the greatest common divisor of x and 1554?
37
Suppose -3*c - 2*i + 242 = 0, c - 395 = -4*c - 5*i. Suppose 4*n = -7*a + 143, -34*a + 30*a - 2*n + 82 = 0. What is the highest common divisor of a and c?
21
Let o = 149 - 97. Let a = -31 + o. Calculate the greatest common divisor of 3 and a.
3
Let k(g) = -g**2 + 46*g - 114. Let j be k(39). Calculate the highest common divisor of j and 636.
159
Let i = 79 + -24. Let l(x) = -36*x + 32. Let o be l(-4). Let f = o - 143. What is the highest common divisor of f and i?
11
Let u(m) = -m**2 + 40*m - 117. Let f be u(24). What is the greatest common factor of 3 and f?
3
Suppose -4*g + 2286 = 5*n, -g - 2316 = 159*n - 164*n. Let t be 18*(-1 - 20/(-6)). What is the greatest common factor of t and n?
42
Suppose 3*z + 2*z + 3*f - 202 = 0, -4*z + 5*f + 132 = 0. Let x(j) = -6*j - 173. Let h be x(-32). What is the highest common divisor of h and z?
19
Suppose -89*y + 804942 = 129*y - 301626. What is the greatest common factor of 324 and y?
108
Let f(l) = -l**2 + 2*l + 243. Let a be f(0). Suppose 0 = -7*v + 1545 - a. Suppose 0*y + v = 6*y. What is the highest common divisor of 31 and y?
31
Let c(p) be the third derivative of p**4/8 + 3*p**3/2 + 12*p**2. Let a be c(-18). Let z be 6/a - 424/(-30). What is the highest common factor of z and 35?
7
Let h(k) = k**2 + 56*k - 299. Let l be h(5). What is the greatest common divisor of 5514 and l?
6
Let h(b) = -b**3 - 5*b**2 - 12*b + 18. Let w be h(-5). What is the greatest common divisor of 138 and w?
6
Suppose 6*o - 3*o = -5*h + 142, 0 = -o - h + 50. Let d = o + -42. Let w be 16/2*(-54)/(-4). What is the greatest common factor of d and w?
12
Suppose -2*p + 20602 = 19*b - 15*b, 5*p = 2*b + 51613. Calculate the greatest common divisor of 34 and p.
17
Suppose -5*k + 0*k = 2*t - 54, -4*k - 3*t = -46. Let u = k - 0. Suppose 9*b + 5 = s + 4*b, -17 = -s - b. Calculate the greatest common divisor of u and s.
5
Suppose -2*q = 4*p - 300, 68*p = -4*q + 71*p + 545. What is the highest common divisor of q and 1736?
28
Let a = 30 + 6. Suppose -36*f - 1667 - 3193 = 0. Let b = f - -171. Calculate the greatest common factor of a and b.
36
Suppose -2485 - 3723 = 5*d - 199*d. Calculate the greatest common divisor of d and 388.
4
Let t = -12 + 15. Let x(s) = -8 + 2*s - 2*s**2 + t*s**2 + 11 + 3*s. Let k be x(-6). Calculate th